
Suppose 0 = -5*w + w - 32. Let k = w - -4. Let v(i) = -3*i**2 - 5 + 2*i**2 - i - i**3 - 3*i**2. Calculate v(k).
-1
Let n(r) = r**3 + 9*r**2 + 9*r + 5. Suppose 25 = -3*q + 1. Let j be n(q). Let z(d) = d + 5. Determine z(j).
2
Let t(y) = 0 + 2 + 0 + 1 - y**2. Let d be (-30)/9*(-6)/(-5). Determine t(d).
-13
Let h = -3 - -7. Let w(d) be the second derivative of 2/5*d**5 + 1/6*d**3 + 0*d**2 + 2*d - 1/12*d**h + 0. Calculate w(1).
8
Let d(p) = -19*p**2 + p + 2. Let q(b) = 37*b**2 - 2*b - 3. Let v(m) = 5*d(m) + 3*q(m). Determine v(1).
16
Let y(k) = k**2 - 1. Let j(p) = -7*p**2 - 8*p + 4. Let w(l) = j(l) + 6*y(l). Calculate w(-4).
14
Let t be -10 - -4*(2 - 1). Let s(q) = q**2 + 4*q. Calculate s(t).
12
Let y(u) = 1 + 4*u**2 - 4 + 0*u**2 + u**2 + 3*u + u**3. Suppose 0 = 62*z - 65*z - 12. Determine y(z).
1
Let u = 8 + -6. Let p be 1/u + (-26)/4. Let x(a) = -a**3 - 7*a**2 - 7*a - 4. Let c be x(p). Let z(w) = 2*w**2 - w - 2. What is z(c)?
4
Let z be (0/(-6))/(1*2). Suppose 0*a - a = z. Let r(q) = -1 - q**3 + a*q + 0*q**3 - 2 - q. Calculate r(0).
-3
Suppose 3*u - 12 = -u. Let t = -1 + 1. Let x(v) = -3*v + 0 + t + 3. Calculate x(u).
-6
Let t(u) = 3*u + 9. Let y(a) = -7*a - 19. Let c(f) = -5*t(f) - 2*y(f). What is c(-6)?
-1
Let z be -6*2/(-2) + -2. Suppose 2*j + 10 = -y, -1 = 4*y - z*j + 3. Let c(w) = w**2 + w + 2*w + w - 3. Calculate c(y).
-3
Let q(f) = f + f**2 - 2 + 3 - 5 + 3. Calculate q(2).
5
Let s(l) be the first derivative of -2*l**2 + 4*l - 24. Determine s(5).
-16
Let c(l) = -l - 2. Let a be c(0). Let i(p) = -5*p - 1. What is i(a)?
9
Suppose 0*s - 30 = -6*s. Let v(l) = l**2 - 3*l + 7. Calculate v(s).
17
Let x(g) be the third derivative of g**4/24 + 5*g**3/6 - g**2. Let s = -8 + 5. Let c = s + 3. Calculate x(c).
5
Suppose z = -1 - 0. Let k(n) be the second derivative of 7*n**3/3 + n**2/2 + 2*n + 12. Determine k(z).
-13
Let a(r) be the first derivative of 3/2*r**2 + 3*r + 2. Suppose 2*g = -10, k + 0*k + 12 = -2*g. Give a(k).
-3
Let x(m) = 3*m**3 + 3*m**2 - m + 3. Let n(z) = -8*z**3 - 10*z**2 + 3*z - 10. Let f(w) = 2*n(w) + 7*x(w). Calculate f(1).
6
Let x(k) = -10*k + 1. Let j(t) = -9*t + 1. Let z(s) = 3*j(s) - 2*x(s). Let h = 1 + 0. Calculate z(h).
-6
Let t(q) = -3*q + 3. Let a = 6 - -5. Let n = -9 + a. Give t(n).
-3
Let b = 94 + -66. Let i be ((-4)/5)/(b/70). Let d(t) = 9*t - 7. Let r(m) = 4*m - 3. Let a(v) = 3*d(v) - 7*r(v). Give a(i).
2
Let r(t) = -9*t**3 + t. Let m be r(-1). Let i be (-4 - -1)/(m/16). Let z(h) = -h**3 - 5*h**2 + 6*h + 7. Determine z(i).
7
Let l(n) = 4*n - 15. Let y(u) = -3*u + 13. Let f(m) = -5*l(m) - 6*y(m). What is f(4)?
-11
Let c(t) = t - 2. Suppose 0 = 2*y - 8, -3*y + 7 - 1 = -2*m. Calculate c(m).
1
Suppose 4*y - 8 = 8*y. Let n be -2 - 0*y/(-4). Let m(b) = -2*b**2 - 2. What is m(n)?
-10
Let i(s) be the first derivative of s**3/6 - s**2/2 - 2*s + 5. Let b(d) be the first derivative of i(d). Determine b(6).
5
Suppose 5*x - 2*r - 13 = 18, -6 = 2*r. Let o(m) = -3*m + 7. Determine o(x).
-8
Let d(b) = 5*b**2 + 3*b + 12. Let f(m) = 8*m + 7*m**2 - 5*m**2 + 14*m**2 + 35 - 2*m**2. Let i(c) = -17*d(c) + 6*f(c). Calculate i(-5).
-4
Suppose 0 = -4*q + 5*g - 24, -3*g + 2*g - 18 = 3*q. Let j(b) = -b**2 - 6*b + 3. What is j(q)?
3
Let s(y) be the third derivative of -5*y**4/24 + y**3/2 - 4*y**2. Determine s(3).
-12
Suppose -t + 3 = 12. Let a(l) = -l**3 - 10*l**2 - 8*l + 3. What is a(t)?
-6
Suppose -s - 8 = 4*k + s, 2*k - 3*s = 12. Let p(b) = -2 - b**2 + 7 - 3. What is p(k)?
2
Let h(m) = -4*m**2 + 16*m - 25. Let t(k) = k**2 - 4*k + 6. Let r(w) = 2*h(w) + 9*t(w). Let n(x) = -2*x**2 + 12*x + 17. Let j be n(7). Give r(j).
1
Let q(b) = 3*b**2 - 25*b - 25. Let a(r) = r**2 - 8*r - 8. Suppose 3*m - 16 = -2*f, 0*f - 4*f = -3*m - 14. Let y(o) = m*q(o) - 7*a(o). What is y(6)?
6
Let r be (-15)/(-10) - (-1)/(-2). Let u(k) = -5*k**2. Calculate u(r).
-5
Let l(z) = -z**3 + 7*z**2 - 6*z + 4. Let p be l(6). Suppose 0 = -2*k - 2*m - 16, 2*m + 0*m = 2*k + p. Let j(g) = g**3 + 6*g**2 + 6*g + 3. Calculate j(k).
-2
Let s(j) be the third derivative of j**4/24 + 4*j**3/3 + j**2. Calculate s(0).
8
Let o(u) be the first derivative of u**2/2 + 4*u - 40. What is o(-10)?
-6
Suppose 4*j - j + m - 10 = 0, -5*m + 10 = -5*j. Suppose z - j = -5*y - 0, -2*z + 4 = 4*y. Suppose 5*d = -25 - y. Let r(n) = -n**2 - 3*n + 6. What is r(d)?
-4
Let k be 0/2 + 12/2. Let r(o) = 3 - k*o - 2 + 0*o + o. Determine r(1).
-4
Let s = 10 + -6. Suppose 4*t - 129 = w - 6*w, 0 = -4*t + s*w + 84. Suppose 0 = 5*p + t - 1. Let c(l) = l**2 + 6*l + 3. What is c(p)?
-2
Let p(r) = 6*r**3 + 4*r**2 + 2*r + 3. Let c(v) = -v**3 - v**2 - 1. Let m(a) = 2*c(a) + p(a). What is m(-1)?
-3
Let x(k) be the first derivative of -k**2/2 - 2*k - 29. What is x(7)?
-9
Let a(n) = -n**3 - 4*n**2 + 7*n + 7. Let k = 1 + -6. Determine a(k).
-3
Let b(v) = -2*v + 2. Let k = -4 - -7. Let x be -1 + k + 2 + -7. Determine b(x).
8
Let b(a) be the third derivative of 0*a + 0 - 1/4*a**4 + 7/6*a**3 + 2*a**2 + 1/60*a**5. Let w be ((-1)/(-2))/((-2)/(-20)). Calculate b(w).
2
Let y(z) be the first derivative of -3*z**3 + z**2/2 + 7. Give y(-1).
-10
Let w(o) = -2*o**2 + 10*o - 17. Let m be w(3). Let t(q) = -q**3 - 5*q**2 + 4*q. Determine t(m).
-20
Let g be (6/4)/(2/8). Let r(y) = 7*y - 3*y - y**2 + 1 + y. Give r(g).
-5
Let z(v) be the first derivative of -5*v - 5 - 3/2*v**2. Calculate z(-5).
10
Suppose -5*f + 5*t = 0, 4*f - f - 2*t + 5 = 0. Let h(b) = 8*b - b**2 + 3*b**2 - b**2 - 4*b - 4. Give h(f).
1
Let r(u) = -u**2 - 8*u - 8. Suppose 2*c = -4*f - 18, -6 + 15 = -f + c. Give r(f).
4
Let v(a) = -a**2 + 2*a + 4. Let l = -7 - -10. Let s(i) = 2*i**3 + 2*i - 1 - i**l + 3*i + 4 + 4*i**2. Let t be s(-3). What is v(t)?
-11
Suppose 5*z = -2*w + 6, -4*w - 6 = -5*z + 12. Let i(m) = 5*m + 7*m**2 + 10 - 8*m**z + 0*m**2 - 5. Determine i(5).
5
Let p(a) be the second derivative of a**4/12 + 2*a**3/3 + 2*a**2 - a. Determine p(-4).
4
Let h(a) = -a**3 - 2*a**2 + a - 4. Let b = 4 + -7. What is h(b)?
2
Let w(v) = -v**3 - 7*v**2 - 8*v - 7. Let s be w(-6). Let b(d) = -d**2 + 7*d - 4. Calculate b(s).
6
Suppose 2*a + 9 = -1. Let q(r) = -9*r**2 - 3*r - 1. Let o(c) = -4*c**2 - 2*c. Let m(k) = -7*o(k) + 3*q(k). What is m(a)?
-3
Let u(j) = 3*j**3 + 9*j**2 + j + 9. Let c(x) = 2*x**3 + 9*x**2 + 10. Let d(w) = -4*c(w) + 3*u(w). What is d(9)?
14
Let i = 27 + -28. Let k(p) = 5*p**2 - 1. Give k(i).
4
Let i(k) be the third derivative of -k**6/120 + 2*k**5/15 + k**4/24 + k**3/6 - 29*k**2 + k. Calculate i(8).
9
Let w be (3*12/9)/2. Let r(j) = 4 + j**2 + w*j - 2 - 3*j. Let g be (3 - -1)*1/2. Give r(g).
4
Let o(b) = 5*b**2 - 4*b + 5. Let a(z) = -9*z**2 + 7*z - 9. Let q(y) = 4*a(y) + 7*o(y). Let v = 0 - -2. Suppose 2*p = -v*p. Calculate q(p).
-1
Suppose -5*r - i + 2*i + 18 = 0, 2*i = r. Suppose -m + r - 3 = a, 2*m + 14 = 2*a. Let o(v) = -v**3 - v**2 + v. What is o(m)?
15
Let k(f) = f**3 - 3*f**2 - 5*f + 1. Let x(l) = l**3 - 3*l**2 - 5*l + 1. Let b(z) = -4*k(z) + 3*x(z). Determine b(4).
3
Suppose 2*z = 3*r + 5, z + 2*r - 10 = 3. Let g(c) = -c**2 + 5*c + 8. Give g(z).
-6
Let g(c) be the third derivative of 0*c - 2*c**2 + 0 + 5/6*c**3 + 1/4*c**4 + 1/60*c**5. Let z be g(-4). Let f(a) = a + 1. Determine f(z).
-2
Let b(q) = -2*q + 2. Suppose 23 = 2*c + 3*p, 5*p - p = 5*c - 46. Suppose 5*t + 34 = 4*r, -r - 3*t = -5*t - c. What is b(r)?
-10
Let o(h) be the third derivative of h**8/6720 + h**7/420 + h**6/240 - h**5/20 - h**4/12 + 4*h**2. Let z(g) be the second derivative of o(g). Calculate z(-5).
4
Let f(i) = i**2 - 6*i + 3. Let y be ((-6)/18)/(2/6). Let k be 4/y*(-3)/2. Calculate f(k).
3
Let j(w) = w**2 - 5*w + 4. Let d = -148 - -154. Calculate j(d).
10
Let f(y) = y**3 - y - 2*y**3 - y**3 + 2*y**2. Let h be (-12)/(-18) + (-2)/(-6). Calculate f(h).
-1
Let h be ((-12)/(-10))/((-4)/10). Let i = 0 - h. Let n(z) = z**2 - 4*z - 1. What is n(i)?
-4
Suppose 3*n - 7 - 21 = -o, -5*o - 12 = -4*n. Let r(u) = -2*u - 3. Give r(n).
-19
Let s(a) = a**2 - a - 1. Let b be 3*(1 - 2)*-1. Suppose j + b = 5*n - 3, 2*j + 3*n + 12 = 0. Let o be (-3)/2*(-4)/j. Determine s(o).
1
Let q(k) = -k**2 + 2. Let j be q(0). Suppose 2*g - 2*d - 2 = 0, 0*g + g - j*d = 0. Let h(o) = g + 3*o + o + 1. Calculate h(-2).
-5
Let k(q) = q**3 + 5*q**2. Suppose 2*v - 6 = -4. Suppose h - v = 5*i - 3, -2*h - 4 = 2*i. Suppose i = 4*p + 3 